vided by 143?
140
Calculate the remainder when 3708 is divided by 53.
51
Calculate the remainder when 68 is divided by 36.
32
Calculate the remainder when 2137 is divided by 7.
2
What is the remainder when 120 is divided by 23?
5
Calculate the remainder when 569 is divided by 11.
8
Calculate the remainder when 2488 is divided by 190.
18
Calculate the remainder when 66 is divided by 60.
6
Calculate the remainder when 780 is divided by 29.
26
Calculate the remainder when 2532 is divided by 39.
36
What is the remainder when 3257 is divided by 112?
9
What is the remainder when 1375 is divided by 13?
10
What is the remainder when 310 is divided by 52?
50
Calculate the remainder when 179 is divided by 64.
51
What is the remainder when 155 is divided by 40?
35
What is the remainder when 64 is divided by 18?
10
What is the remainder when 316 is divided by 53?
51
Calculate the remainder when 85 is divided by 33.
19
Calculate the remainder when 91 is divided by 61.
30
What is the remainder when 3365 is divided by 1679?
7
What is the remainder when 299 is divided by 93?
20
Calculate the remainder when 1496 is divided by 75.
71
What is the remainder when 351 is divided by 305?
46
What is the remainder when 360 is divided by 93?
81
Calculate the remainder when 95 is divided by 72.
23
What is the remainder when 235 is divided by 25?
10
What is the remainder when 48 is divided by 26?
22
What is the remainder when 1788 is divided by 127?
10
What is the remainder when 1623 is divided by 29?
28
What is the remainder when 5937 is divided by 30?
27
Calculate the remainder when 188 is divided by 39.
32
What is the remainder when 713 is divided by 15?
8
What is the remainder when 5678 is divided by 8?
6
What is the remainder when 1151 is divided by 383?
2
What is the remainder when 22 is divided by 5?
2
Calculate the remainder when 236 is divided by 50.
36
Calculate the remainder when 177 is divided by 14.
9
What is the remainder when 34 is divided by 10?
4
Calculate the remainder when 434 is divided by 63.
56
What is the remainder when 7968 is divided by 497?
16
Calculate the remainder when 727 is divided by 52.
51
What is the remainder when 724 is divided by 279?
166
What is the remainder when 81 is divided by 2?
1
What is the remainder when 800 is divided by 376?
48
Calculate the remainder when 375 is divided by 9.
6
What is the remainder when 2126 is divided by 16?
14
Calculate the remainder when 4870 is divided by 1616.
22
What is the remainder when 95 is divided by 20?
15
What is the remainder when 307 is divided by 263?
44
Calculate the remainder when 120 is divided by 35.
15
Calculate the remainder when 218 is divided by 11.
9
What is the remainder when 182 is divided by 33?
17
Calculate the remainder when 60 is divided by 52.
8
What is the remainder when 152 is divided by 12?
8
Calculate the remainder when 20261 is divided by 23.
21
Calculate the remainder when 879 is divided by 98.
95
Calculate the remainder when 116 is divided by 13.
12
Calculate the remainder when 96 is divided by 5.
1
Calculate the remainder when 1229 is divided by 404.
17
What is the remainder when 110 is divided by 76?
34
What is the remainder when 81 is divided by 65?
16
Calculate the remainder when 3884 is divided by 58.
56
Calculate the remainder when 786 is divided by 189.
30
What is the remainder when 260 is divided by 123?
14
What is the remainder when 761 is divided by 22?
13
Calculate the remainder when 1374 is divided by 51.
48
Calculate the remainder when 127 is divided by 29.
11
Calculate the remainder when 2637 is divided by 60.
57
What is the remainder when 506 is divided by 84?
2
What is the remainder when 66765 is divided by 373?
371
What is the remainder when 267 is divided by 57?
39
What is the remainder when 386 is divided by 133?
120
Calculate the remainder when 698 is divided by 66.
38
What is the remainder when 70 is divided by 70?
0
What is the remainder when 191 is divided by 25?
16
Calculate the remainder when 169 is divided by 55.
4
Calculate the remainder when 3694 is divided by 154.
152
What is the remainder when 679 is divided by 105?
49
Calculate the remainder when 268 is divided by 98.
72
Calculate the remainder when 2405 is divided by 145.
85
What is the remainder when 3777 is divided by 61?
56
What is the remainder when 1602 is divided by 32?
2
What is the remainder when 67 is divided by 9?
4
Calculate the remainder when 104 is divided by 74.
30
What is the remainder when 359 is divided by 173?
13
What is the remainder when 334 is divided by 114?
106
What is the remainder when 51 is divided by 28?
23
What is the remainder when 6991 is divided by 53?
48
Calculate the remainder when 3629 is divided by 902.
21
What is the remainder when 2373 is divided by 142?
101
What is the remainder when 45880 is divided by 17?
14
What is the remainder when 2223 is divided by 119?
81
Calculate the remainder when 203 is divided by 34.
33
Calculate the remainder when 589 is divided by 10.
9
Calculate the remainder when 1321 is divided by 147.
145
Calculate the remainder when 264 is divided by 85.
9
Calculate the remainder when 577 is divided by 56.
17
What is the remainder when 1004 is divided by 117?
68
Calculate the remainder when 161 is divided by 13.
5
What is the remainder when 74239 is divided by 128?
127
Calculate the remainder when 5399 is divided by 108.
107
Calculate the remainder when 5058 is divided by 22.
20
What is the remainder when 163 is divided by 36?
19
What is the remainder when 61 is divided by 31?
30
What is the remainder when 1633 is divided by 72?
49
What is the remainder when 82 is divided by 32?
18
What is the remainder when 447 is divided by 204?
39
Calculate the remainder when 604 is divided by 76.
72
Calculate the remainder when 42 is divided by 12.
6
Calculate the remainder when 67 is divided by 33.
1
What is the remainder when 5305 is divided by 48?
25
What is the remainder when 223 is divided by 56?
55
Calculate the remainder when 355 is divided by 87.
7
What is the remainder when 97 is divided by 39?
19
Calculate the remainder when 814 is divided by 24.
22
Calculate the remainder when 532 is divided by 23.
3
Calculate the remainder when 268 is divided by 50.
18
What is the remainder when 6003 is divided by 499?
15
What is the remainder when 57 is divided by 16?
9
What is the remainder when 426 is divided by 9?
3
Calculate the remainder when 1594 is divided by 57.
55
Calculate the remainder when 387 is divided by 39.
36
What is the remainder when 654 is divided by 109?
0
Calculate the remainder when 3093 is divided by 6.
3
What is the remainder when 535 is divided by 289?
246
Calculate the remainder when 6141 is divided by 75.
66
What is the remainder when 438 is divided by 119?
81
Calculate the remainder when 31 is divided by 8.
7
What is the remainder when 802 is divided by 23?
20
Calculate the remainder when 566 is divided by 18.
8
What is the remainder when 249 is divided by 84?
81
Calculate the remainder when 179 is divided by 32.
19
What is the remainder when 105070 is divided by 44?
42
Calculate the remainder when 603 is divided by 303.
300
Calculate the remainder when 1318 is divided by 42.
16
What is the remainder when 1304 is divided by 16?
8
Calculate the remainder when 671 is divided by 56.
55
Calculate the remainder when 419 is divided by 2.
1
What is the remainder when 1049 is divided by 244?
73
Calculate the remainder when 47 is divided by 34.
13
What is the remainder when 457 is divided by 58?
51
Calculate the remainder when 22 is divided by 1.
0
Calculate the remainder when 2592 is divided by 645.
12
What is the remainder when 57 is divided by 17?
6
Calculate the remainder when 134 is divided by 69.
65
Calculate the remainder when 390 is divided by 33.
27
What is the remainder when 772 is divided by 766?
6
Calculate the remainder when 794 is divided by 42.
38
What is the remainder when 79 is divided by 43?
36
Calculate the remainder when 505 is divided by 468.
37
Calculate the remainder when 700 is divided by 118.
110
Calculate the remainder when 501 is divided by 170.
161
What is the remainder when 1277 is divided by 22?
1
Calculate the remainder when 34 is divided by 4.
2
Calculate the remainder when 207 is divided 